(-8328)/(-84)*7462/41?
2, 13, 347
Let q(k) = -5*k**3 + 45*k**2 - 5*k - 14. List the prime factors of q(6).
2, 31
Suppose 0 = -j + 5*m + 13, -2 = -j + 4*m + 10. Suppose -j*w = -12678 + 2318. What are the prime factors of w?
5, 7, 37
What are the prime factors of ((-40271)/(-77))/((-1)/(-6))?
2, 3, 523
Suppose i = -2*s + 5*s - 134, 5*s + i - 226 = 0. What are the prime factors of (s/(-12))/((-96)/39040)?
5, 61
Suppose -5*b = 11 - 16. Let f(v) = -11 + 88*v**2 - 6 + 2*v - 5 + 21. List the prime factors of f(b).
89
Let r(m) = 10*m + 5*m - 17 - 2*m - 9. What are the prime factors of r(8)?
2, 3, 13
Let f(r) be the second derivative of -23*r + 0 - 53/2*r**2 - 2/3*r**3. List the prime factors of f(-23).
3, 13
Let r(d) = -15 - 49048*d + 7 + 49084*d. Let l be 8/10*15/6. List the prime factors of r(l).
2
Suppose 0 = 4*a + 568 + 16. Let v = a + 239. Suppose 6*z - 387 = 2*z + h, h - v = -z. What are the prime factors of z?
2, 3
What are the prime factors of 4/(21/((-24709146)/(-88)))?
79, 677
Suppose 0 = 3*n + 25*g - 29*g + 184, -4*g = 4*n + 208. Suppose 2*q = -q - 336. Let k = n - q. List the prime factors of k.
2, 7
Let f be (-8)/(-2) - (-348)/6. Let j = 74 - f. Suppose -j*r = -8*r - 528. List the prime factors of r.
2, 3, 11
Let z be 621/(-12)*(-2 + 3)*-12. Let x = 884 - z. What are the prime factors of x?
263
Suppose 24*h + 64445 = 11*h + 407684. What are the prime factors of h?
3, 13, 677
Suppose -116 = 5*g - 556. Suppose 955 = 93*a - g*a. List the prime factors of a.
191
Suppose -2*c + 4*c - 216 = 4*w, -3*w = 4*c - 377. Suppose 0 = -c*h + 96*h + 770. List the prime factors of h.
5, 7, 11
Let b(i) = -1645*i + 25. Let o(n) = -1097*n + 17. Let j(v) = -5*b(v) + 8*o(v). Let w be j(4). List the prime factors of w/(-18) + 1/(-18)*-3.
2, 61
Let a(b) = -b**3 - 15*b**2 + 13*b + 5. Let w be a(-16). Suppose -20 = -5*d, -4157 = 48*r - w*r + 2*d. What are the prime factors of r?
7, 17
Suppose -66701 = -p + 5*o + 85, p - 4*o - 66795 = 0. What are the prime factors of p?
3, 22277
Suppose 3*h = 3*r + 999, -4*r + 5*r = -h + 331. Let o = h - 189. Suppose 0*d + 5*d = -c + o, 5*c - 687 = 3*d. List the prime factors of c.
2, 3, 23
Let s = -58011 - -82983. What are the prime factors of s?
2, 3, 2081
Let s be 16/(-40)*(-1 - (3 - -301)). Let c = 3 + 0. Suppose -32 = c*f - s. List the prime factors of f.
2, 3, 5
Let z(c) = -2*c + 176. Let u(k) = -k + 59. Let n(j) = 11*u(j) - 4*z(j). Let o be 5 - (5 - (-27 + 4)). What are the prime factors of n(o)?
2, 7
Suppose -5*m = -3*m. Let h(i) = -i**3 + i**2 - 2*i - 126. Let w be h(m). List the prime factors of (-2*1/4)/(21/w).
3
Let h(i) = -345*i**2 - i + 1. Let f be h(-1). Let a = 201 - f. List the prime factors of a.
2, 17
Let i(u) = -12425*u**3 + 2*u**2 - 823*u - 1646. List the prime factors of i(-2).
2, 3, 19, 109
Suppose 0*j + 6*j = -246. Let f = -51 - j. Let r = 42 + f. What are the prime factors of r?
2
Let j be -4 + 11/3 + (-770)/30. Let k = 180 + j. List the prime factors of k.
2, 7, 11
List the prime factors of (-2 - -20)/(-9)*(-79784)/16.
9973
Suppose -7*y + 9*y - 32 = 0. Suppose 59 = -15*b + y*b. Let g = b - -37. What are the prime factors of g?
2, 3
Suppose 299310 + 256179 = 93*o. List the prime factors of o.
3, 11, 181
Let k(x) = x**3 + 3*x**2 - 20*x - 12. Let m be k(-6). What are the prime factors of (m + -2 + 71)*(-8)/(-24)?
23
Suppose -62*l + 1744987 = -2288981. What are the prime factors of l?
2, 3, 2711
Suppose -18*w = 23*w - 6*w - 257985. What are the prime factors of w?
3, 7, 13
Let p = 120 - 117. What are the prime factors of p/(-2) + ((-108120)/(-16))/17?
2, 3, 11
Suppose 1727*j - 1736*j = -432. List the prime factors of j.
2, 3
Let w(x) = -3940*x + 2223. What are the prime factors of w(-8)?
41, 823
Let d(f) = 6783*f + 487. What are the prime factors of d(4)?
71, 389
Let f be 2/(-8) - -1 - 13622/(-56). Let c = 299 - f. List the prime factors of c.
5, 11
Let f(a) = a**2 + 11*a + 23. Let v be f(-7). What are the prime factors of 1018 - (30/v + 6)?
2, 509
Let u(m) = 734*m - 1690. What are the prime factors of u(23)?
2, 3, 211
Suppose -5840*f = -5832*f + 56. Let b = -1336 + 790. What are the prime factors of b/(-4) - (f + (-90)/(-12))?
2, 17
Let f = 80 - -76. Suppose -6*r - 355 = -r - 5*k, 3*r + 228 = -2*k. Let a = f + r. List the prime factors of a.
2, 41
Let h = -163 + 442. Suppose 29*k = -h + 3875. List the prime factors of k.
2, 31
Let q = 289 - 482. Suppose -5*k = -5*m - 1650, 2*m + 1330 = 4*k - 0*k. Let v = q + k. What are the prime factors of v?
2, 71
Let x be (4/12)/(8506/(-4254) + 2). Let f = x - 402. Suppose m + m + 4*t - 238 = 0, 3*m - 4*t - f = 0. What are the prime factors of m?
109
Suppose -20408 = -4*p + 9*t - 2*t, -2*p = 4*t - 10234. List the prime factors of p.
3, 13, 131
Suppose 2*m - 5*p - 5075 = 0, 0 = -m - 3*p + 1260 + 1272. Suppose m = 6*k - 1317. What are the prime factors of k?
2, 3, 107
Let s(w) = 2463*w + 1697. List the prime factors of s(8).
21401
Let b be 7/(-42) - (-17103)/18. Suppose 0 = -2*z - 194 + b. What are the prime factors of z?
2, 3, 7
Suppose -c + d + 2 = 0, -5*c + 4*d - 8*d - 8 = 0. Suppose c = -20*q + 14*q + 1716. What are the prime factors of q?
2, 11, 13
Suppose 11*w + 4*b = 6*w + 30, 24 = 4*w + 3*b. Suppose 4*f - q - w = -4*q, -3*q - 6 = 0. What are the prime factors of (-3810)/(-18) - 2/f?
211
Suppose 4*w - 24 = -4*w. Let j(u) = 11*u + w*u + 37 - u - 6. List the prime factors of j(9).
2, 37
Suppose -2*p + 19 = -5. Suppose 4*z + 4*v = -1 + 9, -2*v - p = -2*z. Suppose -4*j = -5*c - 100, 2*j + 75 = 5*j + z*c. What are the prime factors of j?
5
Let c = 74 - 68. What are the prime factors of (36/6)/c + 72?
73
Let w(b) = b**3 - 5*b**2 - 2*b + 4. Let v = -58 + 63. Let l be (39/9 - v)*-9. List the prime factors of w(l).
2, 7
Let m = 20679 + -12418. Suppose 5*c + 6*c - m = 0. What are the prime factors of c?
751
Let r(g) = 8*g + 19. Suppose 6 + 9 = -3*d. Let j be r(d). Let u = j + 58. What are the prime factors of u?
37
What are the prime factors of (2 + 0)*351*582/(-216)*-6?
3, 13, 97
Let n(q) = 6*q - 17 - 13 - 8. Let z be n(7). Suppose z*o - 441 = o. List the prime factors of o.
3, 7
Suppose a + 14 = 4*d, a + 2 = d - 0*a. Suppose -o = -d*q - 20, -2*q = -5*o - 7*q. Suppose 0*r = -o*r + 36. List the prime factors of r.
3
Let f(y) = 69*y + 1. Let r(n) = 208*n + 3. Let h(o) = -17*f(o) + 6*r(o). Let k be h(-2). Let q = 265 + k. What are the prime factors of q?
2, 29
Suppose 3*v - 91814 = -5*x, 2*x = -3*v - 6666 + 43388. List the prime factors of x.
2, 4591
What are the prime factors of 25/50 - (4534/(-4) + 4)?
2, 5, 113
Let y = 2333 + 1823. Suppose -c - 4156 = -5*c + 2*p, -4*c - 5*p = -y. What are the prime factors of c?
1039
Let m(q) = -6*q - 2*q**2 + 2*q**3 + 3*q**2 + 3 - 3*q. List the prime factors of m(4).
3, 37
Let n(f) be the second derivative of 89*f**4/12 - 5*f**3/3 - 21*f**2/2 - 30*f + 3. What are the prime factors of n(-2)?
5, 71
Let g be (-2)/(-7) + (-3)/(21/(-19)). Suppose -5*k + 3 = g*w - 4*w, -3*w + k = -33. What are the prime factors of (-2)/w - (-1055)/30?
5, 7
Let z(r) = -2*r**2 + 3*r. Let f be z(-3). Let n = 181 + f. What are the prime factors of n?
2, 7, 11
Let i be 1 + 5/((-20)/(-56)). Suppose i*q - 17*q + 402 = 0. Suppose q = 2*d - 27. List the prime factors of d.
2, 3, 19
Let h(c) = 4*c**2 + 15*c + 14. Let s be 112/(-21)*(1 - 65/20). List the prime factors of h(s).
2, 5, 7, 11
What are the prime factors of 20/(-20) - (1/(-1) + -1184)?
2, 37
Let n(j) = 6*j**2 + 38*j + 147. List the prime factors of n(29).
5, 1259
Let p be 4 + 12/(-4) + 36. Let z be 1/4 + (-382)/(-8). Let b = z - p. List the prime factors of b.
11
Let z(v) be the first derivative of 7*v**2 - 6*v**2 + 7*v + 3*v**2 + 1 - v**2. What are the prime factors of z(15)?
97
What are the prime factors of (-185074)/123*(-11)/(154/189)?
3, 37, 61
Suppose 1923*s + 1717992 = 1959*s. List the prime factors of s.
2, 107, 223
Suppose 35780 + 50476 = 6*h. What are the prime factors of h?
2, 3, 599
Suppose 4*y - 12 = y. Suppose 4*m - p - 9 = y*p, -27 = -3*m - 3*p. Suppose -4*s = -3*q + 256, -3*s + 0*s + m = 0. List the prime factors of q.
2, 11
Suppose -54080 = -14*w - 15594. What are the prime factors of w?
2749
Let s(h) = -h**3 + 71*h**2 - 45*h - 313. What are the prime factors of s(70)?
3, 479
Suppose -s + 1540 